{"id":147,"date":"2022-06-21T16:01:58","date_gmt":"2022-06-21T14:01:58","guid":{"rendered":"https:\/\/cnr-prod-wa-louloute.azurewebsites.net\/?page_id=147"},"modified":"2025-08-25T15:28:05","modified_gmt":"2025-08-25T13:28:05","slug":"mentions-legales","status":"publish","type":"page","link":"https:\/\/www.cnr-louloutelaloutre.fr\/index.php\/mentions-legales\/","title":{"rendered":"Mentions l\u00e9gales"},"content":{"rendered":"<div class=\"wpb-content-wrapper\"><p>[vc_row css_animation=\u00a0\u00bb\u00a0\u00bb row_type=\u00a0\u00bbrow\u00a0\u00bb use_row_as_full_screen_section=\u00a0\u00bbno\u00a0\u00bb type=\u00a0\u00bbgrid\u00a0\u00bb angled_section=\u00a0\u00bbno\u00a0\u00bb text_align=\u00a0\u00bbcenter\u00a0\u00bb background_image_as_pattern=\u00a0\u00bbwithout_pattern\u00a0\u00bb z_index=\u00a0\u00bb\u00a0\u00bb css=\u00a0\u00bb.vc_custom_1516977299669{padding-top: 175px !important;padding-bottom: 50px !important;}\u00a0\u00bb][vc_column][qode_elements_holder number_of_columns=\u00a0\u00bbone_column\u00a0\u00bb][qode_elements_holder_item vertical_alignment=\u00a0\u00bbmiddle\u00a0\u00bb horizontal_alignment=\u00a0\u00bbleft\u00a0\u00bb advanced_animations=\u00a0\u00bbno\u00a0\u00bb item_padding=\u00a0\u00bb0px 2%\u00a0\u00bb item_padding_1280_1440=\u00a0\u00bb0px 27%\u00a0\u00bb item_padding_1024_1280=\u00a0\u00bb0px 27%\u00a0\u00bb item_padding_768_1024=\u00a0\u00bb0px 24%\u00a0\u00bb item_padding_600_768=\u00a0\u00bb0px 11%\u00a0\u00bb item_padding_480_600=\u00a0\u00bb0px\u00a0\u00bb item_padding_480=\u00a0\u00bb0px\u00a0\u00bb][vc_column_text]<\/p>\n<h1 style=\"text-align: center;\">Mentions l\u00e9gales<\/h1>\n<p>[\/vc_column_text][vc_empty_space height=\u00a0\u00bb26px\u00a0\u00bb][vc_column_text]Bienvenue sur le site web <a href=\"https:\/\/www.cnr-louloutelaloutre.fr\/\">cnr-louloutelaloutre.fr<\/a>\u00a0(ci-apr\u00e8s d\u00e9sign\u00e9 le Site). En utilisant ce Site, vous reconnaissez avoir pris connaissance de la pr\u00e9sente notice l\u00e9gale et vous vous engagez \u00e0 la respecter. Cette notice l\u00e9gale a notamment pour objet de vous informer de l&rsquo;existence de droits de propri\u00e9t\u00e9 intellectuelle devant \u00eatre respect\u00e9s, ainsi que des modalit\u00e9s de collecte et de traitement des informations vous concernant dans le cadre de la mise en \u0153uvre du Site. Le contenu de la pr\u00e9sente notice peut \u00eatre amen\u00e9 \u00e0 changer. Nous vous invitons par cons\u00e9quent \u00e0 la consulter tr\u00e8s r\u00e9guli\u00e8rement.<\/p>\n<p>&nbsp;<\/p>\n<p>&nbsp;<\/p>\n<h2>Informations d\u2019ordre l\u00e9gal<\/h2>\n<p><strong>\u00a0<\/strong><\/p>\n<p>Le pr\u00e9sent site est la propri\u00e9t\u00e9 de la Compagnie Nationale du Rh\u00f4ne, soci\u00e9t\u00e9 anonyme d\u2019int\u00e9r\u00eat g\u00e9n\u00e9ral au capital de 5\u00a0488 164 \u20ac, immatricul\u00e9e au Registre du Commerce et des Soci\u00e9t\u00e9s de Lyon, sous le num\u00e9ro 957\u00a0520\u00a0901 dont le si\u00e8ge est situ\u00e9 4 rue Andr\u00e9 Bonin, 69004 Lyon, France \u2013 04 72 00 69 69. N\u00b0 de TVA intracommunautaire : FR 59 957520901. Le directeur de la publication du Site est Nathalie HASSEL.<\/p>\n<p>L\u2019\u00e9dition et l\u2019h\u00e9bergement du Site sont assur\u00e9s par Etcompagnie dont le si\u00e8ge est situ\u00e9 24 Avenue Joann\u00e8s Masset \u2013 69009 LYON \u2013 France. <a href=\"https:\/\/www.etcompagnie.fr\/\">https:\/\/www.etcompagnie.fr\/<\/a><\/p>\n<p>Pour nous contacter, rendez-vous sur la page contact en\u00a0<a href=\"https:\/\/www.cnr.tm.fr\/contact\/\">cliquant ici<\/a><\/p>\n<p>&nbsp;<\/p>\n<p>&nbsp;<\/p>\n<h2>Informations d\u2019ordre technique<\/h2>\n<p><strong>\u00a0<\/strong><\/p>\n\n\n<p>En tant qu&rsquo;utilisateur du Site vous reconnaissez&nbsp;:<\/p>\n\n\n\n<ul class=\"wp-block-list\">\n<li>Disposer de la comp\u00e9tence et des moyens n\u00e9cessaires pour acc\u00e9der et utiliser ce Site.<\/li>\n\n\n\n<li>Vous \u00eatre assur\u00e9 que l\u2019adresse du site est bien dans un format s\u00e9curis\u00e9 (http<strong><u>s<\/u><\/strong>).<\/li>\n\n\n\n<li>Avoir \u00e9t\u00e9 inform\u00e9 que le Site est accessible 24h\/24h et 7 jours\/7 jours, \u00e0 exception des cas de\u00a0: <br>&#8211; Force majeure\u00a0; <br>&#8211; Difficult\u00e9s informatiques\u00a0; <br>&#8211; Difficult\u00e9s li\u00e9es \u00e0 la structure des r\u00e9seaux de t\u00e9l\u00e9communications\u00a0; <br>&#8211; Ou autres difficult\u00e9s techniques.<\/li>\n<\/ul>\n\n\n\n<p><\/p>\n\n\n\n<p>Pour des raisons de maintenance, CNR pourra interrompre son Site. Elle s&rsquo;efforcera d&rsquo;en avertir pr\u00e9alablement les utilisateurs.<\/p>\n\n\n<p>&nbsp;<\/p>\n<p>&nbsp;<\/p>\n<h2>Mise en garde<\/h2>\n<p><strong>\u00a0<\/strong><\/p>\n<p>CNR met tout en \u0153uvre pour prot\u00e9ger les informations en ligne sur le Site ou transmises par le biais du Site \u00e0 CNR.<\/p>\n<p>&nbsp;<\/p>\n<p>&nbsp;<\/p>\n<h2>Le contenu du site<\/h2>\n<p><strong>\u00a0<\/strong><\/p>\n<p>Les informations fournies sur le Site le sont \u00e0 titre indicatif. L&rsquo;exactitude, l&rsquo;exhaustivit\u00e9, l&rsquo;actualit\u00e9 des informations diffus\u00e9es sur son Site ne sauraient \u00eatre garanties. En cons\u00e9quence, vous reconnaissez utiliser ces informations sous votre responsabilit\u00e9 exclusive. CNR ne saurait \u00eatre tenue pour responsable des erreurs, d&rsquo;une absence de disponibilit\u00e9 des informations et\/ou de de l\u2019utilisation d\u2019un site miroir qui ne serait pas administr\u00e9 par CNR (ex. site en http au lieu de https).<\/p>\n<p>&nbsp;<\/p>\n<p>&nbsp;<\/p>\n<h2>Vos obligations en tant qu\u2019utilisateur<\/h2>\n<p><strong>\u00a0<\/strong><\/p>\n<h3>Respect d\u2019autrui<\/h3>\n<p>En tant qu&rsquo;utilisateur du Site\u00a0vous \u00eates tenus de respecter les l\u00e9gislations applicables, et notamment les dispositions de la loi relative \u00e0 l&rsquo;informatique, aux fichiers et aux libert\u00e9s, dont la violation est passible de sanctions p\u00e9nales. Vous devez notamment vous abstenir de toute collecte, de toute utilisation d\u00e9tourn\u00e9e, notamment des informations nominatives auxquelles vous acc\u00e9dez, et d&rsquo;une mani\u00e8re g\u00e9n\u00e9rale, de tout acte susceptible de porter atteinte \u00e0 la vie priv\u00e9e, \u00e0 l&rsquo;honneur, \u00e0 la sensibilit\u00e9, \u00e0 l&rsquo;image de marque, \u00e0 la notori\u00e9t\u00e9 de toute personne, physique ou morale, et notamment de CNR, en \u00e9vitant toute mention, message ou texte diffamant, provocant, malveillant, d\u00e9nigrant ou mena\u00e7ant sur quelque support que ce soit.<\/p>\n<p>&nbsp;<\/p>\n<p>&nbsp;<\/p>\n<h3>Respect des droits de la propri\u00e9t\u00e9 intellectuelle<\/h3>\n<p><strong>\u00a0<\/strong><\/p>\n<p>La structure g\u00e9n\u00e9rale, ainsi que les logiciels, textes, bases de donn\u00e9es, images anim\u00e9es ou non, sons, savoir-faire, et tous les autres \u00e9l\u00e9ments composant le Site\u00a0sont la propri\u00e9t\u00e9 exclusive de CNR ou de ses partenaires. Toute repr\u00e9sentation totale ou partielle de ce site par quelque proc\u00e9d\u00e9 que ce soit, sans l&rsquo;autorisation expresse de CNR est interdite et constituerait une contrefa\u00e7on sanctionn\u00e9e, notamment de fa\u00e7on p\u00e9nale, par les articles L. 335-2 et suivants du Code de la propri\u00e9t\u00e9 intellectuelle. De m\u00eame les marques et autres signes distinctifs tels que logos figurant sur le site sont la propri\u00e9t\u00e9 de CNR ou de ses partenaires et toute utilisation par des tiers non autoris\u00e9s en est strictement interdite. Toute reproduction totale ou partielle de ces marques ou logos sans l&rsquo;autorisation expresse de CNR est donc prohib\u00e9e, quel que soit le cadre et le support utilis\u00e9s pour cette utilisation, et passible de sanctions, notamment p\u00e9nales, comme pr\u00e9vu par les articles L. 716-1 et suivants du Code de la propri\u00e9t\u00e9 intellectuelle.[\/vc_column_text][\/qode_elements_holder_item][\/qode_elements_holder][\/vc_column][\/vc_row]<\/p><\/div>","protected":false},"excerpt":{"rendered":"<p>[vc_row css_animation=\u00a0\u00bb\u00a0\u00bb row_type=\u00a0\u00bbrow\u00a0\u00bb use_row_as_full_screen_section=\u00a0\u00bbno\u00a0\u00bb type=\u00a0\u00bbgrid\u00a0\u00bb angled_section=\u00a0\u00bbno\u00a0\u00bb text_align=\u00a0\u00bbcenter\u00a0\u00bb background_image_as_pattern=\u00a0\u00bbwithout_pattern\u00a0\u00bb z_index=\u00a0\u00bb\u00a0\u00bb css=\u00a0\u00bb.vc_custom_1516977299669{padding-top: 175px !important;padding-bottom: 50px !important;}\u00a0\u00bb][vc_column][qode_elements_holder number_of_columns=\u00a0\u00bbone_column\u00a0\u00bb][qode_elements_holder_item vertical_alignment=\u00a0\u00bbmiddle\u00a0\u00bb horizontal_alignment=\u00a0\u00bbleft\u00a0\u00bb advanced_animations=\u00a0\u00bbno\u00a0\u00bb item_padding=\u00a0\u00bb0px 2%\u00a0\u00bb item_padding_1280_1440=\u00a0\u00bb0px 27%\u00a0\u00bb item_padding_1024_1280=\u00a0\u00bb0px 27%\u00a0\u00bb item_padding_768_1024=\u00a0\u00bb0px 24%\u00a0\u00bb item_padding_600_768=\u00a0\u00bb0px 11%\u00a0\u00bb item_padding_480_600=\u00a0\u00bb0px\u00a0\u00bb item_padding_480=\u00a0\u00bb0px\u00a0\u00bb][vc_column_text] Mentions l\u00e9gales [\/vc_column_text][vc_empty_space height=\u00a0\u00bb26px\u00a0\u00bb][vc_column_text]Bienvenue sur le site web cnr-louloutelaloutre.fr\u00a0(ci-apr\u00e8s d\u00e9sign\u00e9 le Site). En utilisant ce&#8230;<\/p>\n","protected":false},"author":1,"featured_media":0,"parent":0,"menu_order":0,"comment_status":"closed","ping_status":"closed","template":"","meta":{"footnotes":""},"class_list":["post-147","page","type-page","status-publish","hentry"],"yoast_head":"<!-- This site is optimized with the Yoast SEO plugin v27.1.1 - https:\/\/yoast.com\/product\/yoast-seo-wordpress\/ -->\n<title>Mentions l\u00e9gales - CNR louloute<\/title>\n<meta name=\"robots\" content=\"index, follow, max-snippet:-1, max-image-preview:large, max-video-preview:-1\" \/>\n<link rel=\"canonical\" href=\"https:\/\/www.cnr-louloutelaloutre.fr\/index.php\/mentions-legales\/\" \/>\n<meta property=\"og:locale\" content=\"fr_FR\" \/>\n<meta property=\"og:type\" content=\"article\" \/>\n<meta property=\"og:title\" content=\"Mentions l\u00e9gales - CNR louloute\" \/>\n<meta property=\"og:description\" content=\"[vc_row css_animation=\u00a0\u00bb\u00a0\u00bb row_type=\u00a0\u00bbrow\u00a0\u00bb use_row_as_full_screen_section=\u00a0\u00bbno\u00a0\u00bb type=\u00a0\u00bbgrid\u00a0\u00bb angled_section=\u00a0\u00bbno\u00a0\u00bb text_align=\u00a0\u00bbcenter\u00a0\u00bb background_image_as_pattern=\u00a0\u00bbwithout_pattern\u00a0\u00bb z_index=\u00a0\u00bb\u00a0\u00bb css=\u00a0\u00bb.vc_custom_1516977299669{padding-top: 175px !important;padding-bottom: 50px !important;}\u00a0\u00bb][vc_column][qode_elements_holder number_of_columns=\u00a0\u00bbone_column\u00a0\u00bb][qode_elements_holder_item vertical_alignment=\u00a0\u00bbmiddle\u00a0\u00bb horizontal_alignment=\u00a0\u00bbleft\u00a0\u00bb advanced_animations=\u00a0\u00bbno\u00a0\u00bb item_padding=\u00a0\u00bb0px 2%\u00a0\u00bb item_padding_1280_1440=\u00a0\u00bb0px 27%\u00a0\u00bb item_padding_1024_1280=\u00a0\u00bb0px 27%\u00a0\u00bb item_padding_768_1024=\u00a0\u00bb0px 24%\u00a0\u00bb item_padding_600_768=\u00a0\u00bb0px 11%\u00a0\u00bb item_padding_480_600=\u00a0\u00bb0px\u00a0\u00bb item_padding_480=\u00a0\u00bb0px\u00a0\u00bb][vc_column_text] Mentions l\u00e9gales [\/vc_column_text][vc_empty_space height=\u00a0\u00bb26px\u00a0\u00bb][vc_column_text]Bienvenue sur le site web cnr-louloutelaloutre.fr\u00a0(ci-apr\u00e8s d\u00e9sign\u00e9 le Site). En utilisant ce...\" \/>\n<meta property=\"og:url\" content=\"https:\/\/www.cnr-louloutelaloutre.fr\/index.php\/mentions-legales\/\" \/>\n<meta property=\"og:site_name\" content=\"CNR louloute\" \/>\n<meta property=\"article:modified_time\" content=\"2025-08-25T13:28:05+00:00\" \/>\n<meta name=\"twitter:card\" content=\"summary_large_image\" \/>\n<meta name=\"twitter:label1\" content=\"Dur\u00e9e de lecture estim\u00e9e\" \/>\n\t<meta name=\"twitter:data1\" content=\"4 minutes\" \/>\n<script type=\"application\/ld+json\" class=\"yoast-schema-graph\">{\"@context\":\"https:\/\/schema.org\",\"@graph\":[{\"@type\":\"WebPage\",\"@id\":\"https:\/\/www.cnr-louloutelaloutre.fr\/index.php\/mentions-legales\/\",\"url\":\"https:\/\/www.cnr-louloutelaloutre.fr\/index.php\/mentions-legales\/\",\"name\":\"Mentions l\u00e9gales - CNR louloute\",\"isPartOf\":{\"@id\":\"https:\/\/www.cnr-louloutelaloutre.fr\/#website\"},\"datePublished\":\"2022-06-21T14:01:58+00:00\",\"dateModified\":\"2025-08-25T13:28:05+00:00\",\"breadcrumb\":{\"@id\":\"https:\/\/www.cnr-louloutelaloutre.fr\/index.php\/mentions-legales\/#breadcrumb\"},\"inLanguage\":\"fr-FR\",\"potentialAction\":[{\"@type\":\"ReadAction\",\"target\":[\"https:\/\/www.cnr-louloutelaloutre.fr\/index.php\/mentions-legales\/\"]}]},{\"@type\":\"BreadcrumbList\",\"@id\":\"https:\/\/www.cnr-louloutelaloutre.fr\/index.php\/mentions-legales\/#breadcrumb\",\"itemListElement\":[{\"@type\":\"ListItem\",\"position\":1,\"name\":\"Accueil\",\"item\":\"https:\/\/www.cnr-louloutelaloutre.fr\/\"},{\"@type\":\"ListItem\",\"position\":2,\"name\":\"Mentions l\u00e9gales\"}]},{\"@type\":\"WebSite\",\"@id\":\"https:\/\/www.cnr-louloutelaloutre.fr\/#website\",\"url\":\"https:\/\/www.cnr-louloutelaloutre.fr\/\",\"name\":\"CNR louloute la loutre\",\"description\":\"Louloute La loutre | Les loisirs au fil de l&#039;eau\",\"publisher\":{\"@id\":\"https:\/\/www.cnr-louloutelaloutre.fr\/#organization\"},\"potentialAction\":[{\"@type\":\"SearchAction\",\"target\":{\"@type\":\"EntryPoint\",\"urlTemplate\":\"https:\/\/www.cnr-louloutelaloutre.fr\/?s={search_term_string}\"},\"query-input\":{\"@type\":\"PropertyValueSpecification\",\"valueRequired\":true,\"valueName\":\"search_term_string\"}}],\"inLanguage\":\"fr-FR\"},{\"@type\":\"Organization\",\"@id\":\"https:\/\/www.cnr-louloutelaloutre.fr\/#organization\",\"name\":\"CNR\",\"url\":\"https:\/\/www.cnr-louloutelaloutre.fr\/\",\"logo\":{\"@type\":\"ImageObject\",\"inLanguage\":\"fr-FR\",\"@id\":\"https:\/\/www.cnr-louloutelaloutre.fr\/#\/schema\/logo\/image\/\",\"url\":\"https:\/\/www.cnr-louloutelaloutre.fr\/wp-content\/uploads\/2022\/07\/logo-cnr-sans-bulle.png\",\"contentUrl\":\"https:\/\/www.cnr-louloutelaloutre.fr\/wp-content\/uploads\/2022\/07\/logo-cnr-sans-bulle.png\",\"width\":471,\"height\":203,\"caption\":\"CNR\"},\"image\":{\"@id\":\"https:\/\/www.cnr-louloutelaloutre.fr\/#\/schema\/logo\/image\/\"}}]}<\/script>\n<!-- \/ Yoast SEO plugin. -->","yoast_head_json":{"title":"Mentions l\u00e9gales - CNR louloute","robots":{"index":"index","follow":"follow","max-snippet":"max-snippet:-1","max-image-preview":"max-image-preview:large","max-video-preview":"max-video-preview:-1"},"canonical":"https:\/\/www.cnr-louloutelaloutre.fr\/index.php\/mentions-legales\/","og_locale":"fr_FR","og_type":"article","og_title":"Mentions l\u00e9gales - CNR louloute","og_description":"[vc_row css_animation=\u00a0\u00bb\u00a0\u00bb row_type=\u00a0\u00bbrow\u00a0\u00bb use_row_as_full_screen_section=\u00a0\u00bbno\u00a0\u00bb type=\u00a0\u00bbgrid\u00a0\u00bb angled_section=\u00a0\u00bbno\u00a0\u00bb text_align=\u00a0\u00bbcenter\u00a0\u00bb background_image_as_pattern=\u00a0\u00bbwithout_pattern\u00a0\u00bb z_index=\u00a0\u00bb\u00a0\u00bb css=\u00a0\u00bb.vc_custom_1516977299669{padding-top: 175px !important;padding-bottom: 50px !important;}\u00a0\u00bb][vc_column][qode_elements_holder number_of_columns=\u00a0\u00bbone_column\u00a0\u00bb][qode_elements_holder_item vertical_alignment=\u00a0\u00bbmiddle\u00a0\u00bb horizontal_alignment=\u00a0\u00bbleft\u00a0\u00bb advanced_animations=\u00a0\u00bbno\u00a0\u00bb item_padding=\u00a0\u00bb0px 2%\u00a0\u00bb item_padding_1280_1440=\u00a0\u00bb0px 27%\u00a0\u00bb item_padding_1024_1280=\u00a0\u00bb0px 27%\u00a0\u00bb item_padding_768_1024=\u00a0\u00bb0px 24%\u00a0\u00bb item_padding_600_768=\u00a0\u00bb0px 11%\u00a0\u00bb item_padding_480_600=\u00a0\u00bb0px\u00a0\u00bb item_padding_480=\u00a0\u00bb0px\u00a0\u00bb][vc_column_text] Mentions l\u00e9gales [\/vc_column_text][vc_empty_space height=\u00a0\u00bb26px\u00a0\u00bb][vc_column_text]Bienvenue sur le site web cnr-louloutelaloutre.fr\u00a0(ci-apr\u00e8s d\u00e9sign\u00e9 le Site). En utilisant ce...","og_url":"https:\/\/www.cnr-louloutelaloutre.fr\/index.php\/mentions-legales\/","og_site_name":"CNR louloute","article_modified_time":"2025-08-25T13:28:05+00:00","twitter_card":"summary_large_image","twitter_misc":{"Dur\u00e9e de lecture estim\u00e9e":"4 minutes"},"schema":{"@context":"https:\/\/schema.org","@graph":[{"@type":"WebPage","@id":"https:\/\/www.cnr-louloutelaloutre.fr\/index.php\/mentions-legales\/","url":"https:\/\/www.cnr-louloutelaloutre.fr\/index.php\/mentions-legales\/","name":"Mentions l\u00e9gales - CNR louloute","isPartOf":{"@id":"https:\/\/www.cnr-louloutelaloutre.fr\/#website"},"datePublished":"2022-06-21T14:01:58+00:00","dateModified":"2025-08-25T13:28:05+00:00","breadcrumb":{"@id":"https:\/\/www.cnr-louloutelaloutre.fr\/index.php\/mentions-legales\/#breadcrumb"},"inLanguage":"fr-FR","potentialAction":[{"@type":"ReadAction","target":["https:\/\/www.cnr-louloutelaloutre.fr\/index.php\/mentions-legales\/"]}]},{"@type":"BreadcrumbList","@id":"https:\/\/www.cnr-louloutelaloutre.fr\/index.php\/mentions-legales\/#breadcrumb","itemListElement":[{"@type":"ListItem","position":1,"name":"Accueil","item":"https:\/\/www.cnr-louloutelaloutre.fr\/"},{"@type":"ListItem","position":2,"name":"Mentions l\u00e9gales"}]},{"@type":"WebSite","@id":"https:\/\/www.cnr-louloutelaloutre.fr\/#website","url":"https:\/\/www.cnr-louloutelaloutre.fr\/","name":"CNR louloute la loutre","description":"Louloute La loutre | Les loisirs au fil de l&#039;eau","publisher":{"@id":"https:\/\/www.cnr-louloutelaloutre.fr\/#organization"},"potentialAction":[{"@type":"SearchAction","target":{"@type":"EntryPoint","urlTemplate":"https:\/\/www.cnr-louloutelaloutre.fr\/?s={search_term_string}"},"query-input":{"@type":"PropertyValueSpecification","valueRequired":true,"valueName":"search_term_string"}}],"inLanguage":"fr-FR"},{"@type":"Organization","@id":"https:\/\/www.cnr-louloutelaloutre.fr\/#organization","name":"CNR","url":"https:\/\/www.cnr-louloutelaloutre.fr\/","logo":{"@type":"ImageObject","inLanguage":"fr-FR","@id":"https:\/\/www.cnr-louloutelaloutre.fr\/#\/schema\/logo\/image\/","url":"https:\/\/www.cnr-louloutelaloutre.fr\/wp-content\/uploads\/2022\/07\/logo-cnr-sans-bulle.png","contentUrl":"https:\/\/www.cnr-louloutelaloutre.fr\/wp-content\/uploads\/2022\/07\/logo-cnr-sans-bulle.png","width":471,"height":203,"caption":"CNR"},"image":{"@id":"https:\/\/www.cnr-louloutelaloutre.fr\/#\/schema\/logo\/image\/"}}]}},"_links":{"self":[{"href":"https:\/\/www.cnr-louloutelaloutre.fr\/index.php\/wp-json\/wp\/v2\/pages\/147","targetHints":{"allow":["GET"]}}],"collection":[{"href":"https:\/\/www.cnr-louloutelaloutre.fr\/index.php\/wp-json\/wp\/v2\/pages"}],"about":[{"href":"https:\/\/www.cnr-louloutelaloutre.fr\/index.php\/wp-json\/wp\/v2\/types\/page"}],"author":[{"embeddable":true,"href":"https:\/\/www.cnr-louloutelaloutre.fr\/index.php\/wp-json\/wp\/v2\/users\/1"}],"replies":[{"embeddable":true,"href":"https:\/\/www.cnr-louloutelaloutre.fr\/index.php\/wp-json\/wp\/v2\/comments?post=147"}],"version-history":[{"count":11,"href":"https:\/\/www.cnr-louloutelaloutre.fr\/index.php\/wp-json\/wp\/v2\/pages\/147\/revisions"}],"predecessor-version":[{"id":617,"href":"https:\/\/www.cnr-louloutelaloutre.fr\/index.php\/wp-json\/wp\/v2\/pages\/147\/revisions\/617"}],"wp:attachment":[{"href":"https:\/\/www.cnr-louloutelaloutre.fr\/index.php\/wp-json\/wp\/v2\/media?parent=147"}],"curies":[{"name":"wp","href":"https:\/\/api.w.org\/{rel}","templated":true}]}}